{"id":370340,"date":"2024-02-29T10:02:37","date_gmt":"2024-02-29T13:02:37","guid":{"rendered":"https:\/\/www.efan.com.br\/universidade\/?page_id=370340"},"modified":"2026-03-24T17:08:55","modified_gmt":"2026-03-24T20:08:55","slug":"cursos-de-extensao","status":"publish","type":"page","link":"https:\/\/www.efan.com.br\/universidade\/eventos\/cursos-de-extensao\/","title":{"rendered":"Cursos de Extens\u00e3o"},"content":{"rendered":"<p>[et_pb_section fb_built=&#8221;1&#8243; _builder_version=&#8221;4.27.6&#8243; _module_preset=&#8221;default&#8221; background_color=&#8221;gcid-15a64b5a-5c56-46f3-99c0-666a66a3e92c&#8221; custom_padding=&#8221;||14px|||&#8221; global_colors_info=&#8221;{%22gcid-15a64b5a-5c56-46f3-99c0-666a66a3e92c%22:%91%22background_color%22%93}&#8221;][et_pb_row _builder_version=&#8221;4.27.6&#8243; _module_preset=&#8221;default&#8221; custom_margin=&#8221;-47px|auto||auto||&#8221; global_colors_info=&#8221;{}&#8221;][et_pb_column type=&#8221;4_4&#8243; _builder_version=&#8221;4.27.6&#8243; _module_preset=&#8221;default&#8221; global_colors_info=&#8221;{}&#8221;][et_pb_text admin_label=&#8221;T\u00cdTULO DA P\u00c1GINA&#8221; _builder_version=&#8221;4.27.6&#8243; _module_preset=&#8221;default&#8221; hover_enabled=&#8221;0&#8243; global_colors_info=&#8221;{}&#8221; header_font_size_last_edited=&#8221;on|phone&#8221; sticky_enabled=&#8221;0&#8243; header_font_size_phone=&#8221;30px&#8221;]<\/p>\n<h1 style=\"text-align: center;\">Cursos de extens\u00e3o<\/h1>\n<p>[\/et_pb_text][\/et_pb_column][\/et_pb_row][\/et_pb_section][et_pb_section fb_built=&#8221;1&#8243; _builder_version=&#8221;4.27.6&#8243; _module_preset=&#8221;default&#8221; background_pattern_repeat_origin=&#8221;center_right&#8221; custom_padding=&#8221;||100px|||&#8221; background_last_edited=&#8221;on|desktop&#8221; use_background_color_gradient_tablet=&#8221;on&#8221; background_color_gradient_stops_tablet=&#8221;#ffffff 65%|rgba(0,0,0,0) 65%&#8221; background_color_gradient_end_tablet=&#8221;rgba(0,0,0,0)&#8221; global_colors_info=&#8221;{}&#8221;][et_pb_row column_structure=&#8221;2_3,1_3&#8243; use_custom_gutter=&#8221;on&#8221; gutter_width=&#8221;2&#8243; make_equal=&#8221;on&#8221; _builder_version=&#8221;4.27.6&#8243; _module_preset=&#8221;default&#8221; width=&#8221;90%&#8221; max_width=&#8221;1280px&#8221; module_alignment=&#8221;center&#8221; custom_margin=&#8221;0px|0px|0px|0px|false|false&#8221; custom_padding=&#8221;0px|0px|0px|0px|false|false&#8221; custom_css_main_element=&#8221;align-items: center;&#8221; global_colors_info=&#8221;{}&#8221;][et_pb_column type=&#8221;2_3&#8243; _builder_version=&#8221;4.16&#8243; _module_preset=&#8221;default&#8221; global_colors_info=&#8221;{}&#8221;][et_pb_text _builder_version=&#8221;4.27.6&#8243; _module_preset=&#8221;default&#8221; text_font=&#8221;Quicksand||||||||&#8221; text_font_size=&#8221;16px&#8221; text_line_height=&#8221;1.6em&#8221; header_2_font=&#8221;|700|||||||&#8221; header_2_text_color=&#8221;#B77900&#8243; header_2_font_size=&#8221;62px&#8221; header_2_letter_spacing=&#8221;1px&#8221; header_2_line_height=&#8221;1.6em&#8221; header_3_font=&#8221;|600|||||||&#8221; header_3_text_color=&#8221;#004F00&#8243; header_3_font_size=&#8221;26px&#8221; header_3_line_height=&#8221;1.2em&#8221; header_4_text_color=&#8221;gcid-b4e5221b-725e-41b2-9f22-9b0a184c0015&#8243; module_alignment=&#8221;center&#8221; custom_margin=&#8221;0px|0px|0px|0px|false|false&#8221; custom_padding=&#8221;0px|0px|0px|0px|false|false&#8221; text_font_size_tablet=&#8221;15px&#8221; text_font_size_phone=&#8221;14px&#8221; text_font_size_last_edited=&#8221;on|phone&#8221; header_2_font_size_tablet=&#8221;36px&#8221; header_2_font_size_phone=&#8221;28px&#8221; header_2_font_size_last_edited=&#8221;on|tablet&#8221; header_3_font_size_tablet=&#8221;22px&#8221; header_3_font_size_phone=&#8221;18px&#8221; header_3_font_size_last_edited=&#8221;on|phone&#8221; global_colors_info=&#8221;{%22gcid-b4e5221b-725e-41b2-9f22-9b0a184c0015%22:%91%22header_4_text_color%22%93}&#8221;]<\/p>\n<h4>Que s\u00e3o, por que faz\u00ea-los e para quem s\u00e3o destinados?<\/h4>\n<p>&nbsp;<\/p>\n<p><strong>O Que \u00e9 um Curso de Extens\u00e3o?<\/strong><br \/>Um curso de extens\u00e3o \u00e9 uma qualifica\u00e7\u00e3o em uma \u00e1rea espec\u00edfica ou profiss\u00e3o.<br \/>Normalmente, complementa outras qualifica\u00e7\u00f5es, como a gradua\u00e7\u00e3o.<br \/>De acordo com o Minist\u00e9rio da Educa\u00e7\u00e3o (MEC), n\u00e3o \u00e9 necess\u00e1rio ter os mesmos pr\u00e9-requisitos de quem quer cursar uma gradua\u00e7\u00e3o para fazer um curso de extens\u00e3o. Isso significa que qualquer pessoa pode participar, independentemente do n\u00edvel de escolaridade.<\/p>\n<p><strong>Por Que Fazer Um Curso de Extens\u00e3o?<\/strong><\/p>\n<p><strong>Rapidez:<\/strong> Os cursos de extens\u00e3o t\u00eam dura\u00e7\u00e3o curta, podendo ser conclu\u00eddos em meses, semanas ou at\u00e9 horas.<br \/>Horas Complementares: Eles tamb\u00e9m contam como horas complementares para a gradua\u00e7\u00e3o ou p\u00f3s-gradua\u00e7\u00e3o.<\/p>\n<p><strong>Especializa\u00e7\u00e3o:<\/strong> Muitos cursos de extens\u00e3o oferecem forma\u00e7\u00f5es espec\u00edficas em determinadas profiss\u00f5es, complementando a forma\u00e7\u00e3o principal.<\/p>\n<p><strong>Para Quem se Destina Um Curso de Extens\u00e3o?<\/strong><\/p>\n<p><strong>Profissionais Ativos:<\/strong> Se voc\u00ea deseja se atualizar \u00e0s novas tend\u00eancias do mercado de trabalho, os cursos de extens\u00e3o s\u00e3o uma \u00f3tima escolha.<\/p>\n<p><strong>Amplia\u00e7\u00e3o de Oportunidades:<\/strong> Esses cursos ampliam as possibilidades de atua\u00e7\u00e3o, beneficiando tanto quem j\u00e1 trabalha quanto quem busca recoloca\u00e7\u00e3o profissional.<br \/>Em resumo, os cursos de extens\u00e3o oferecem conhecimentos espec\u00edficos, atualiza\u00e7\u00e3o r\u00e1pida e oportunidades de especializa\u00e7\u00e3o, tornando-se valiosos para profissionais em constante evolu\u00e7\u00e3o<\/p>\n<p>[\/et_pb_text][\/et_pb_column][et_pb_column type=&#8221;1_3&#8243; _builder_version=&#8221;4.16&#8243; _module_preset=&#8221;default&#8221; global_colors_info=&#8221;{}&#8221;][et_pb_image src=&#8221;https:\/\/www.efan.com.br\/universidade\/wp-content\/uploads\/2024\/05\/extensao.jpg&#8221; title_text=&#8221;extensao&#8221; _builder_version=&#8221;4.27.6&#8243; _module_preset=&#8221;default&#8221; custom_margin=&#8221;-53px|||||&#8221; hover_enabled=&#8221;0&#8243; border_radii=&#8221;off|33px||33px|&#8221; global_colors_info=&#8221;{}&#8221; sticky_enabled=&#8221;0&#8243; custom_margin_last_edited=&#8221;on|phone&#8221; custom_margin_phone=&#8221;10px||||false|false&#8221; custom_margin_tablet=&#8221;-53px|||||&#8221;][\/et_pb_image][\/et_pb_column][\/et_pb_row][\/et_pb_section]<\/p>\n","protected":false},"excerpt":{"rendered":"<p>Cursos de extens\u00e3oQue s\u00e3o, por que faz\u00ea-los e para quem s\u00e3o destinados? &nbsp; O Que \u00e9 um Curso de Extens\u00e3o?Um curso de extens\u00e3o \u00e9 uma qualifica\u00e7\u00e3o em uma \u00e1rea espec\u00edfica ou profiss\u00e3o.Normalmente, complementa outras qualifica\u00e7\u00f5es, como a gradua\u00e7\u00e3o.De acordo com o Minist\u00e9rio da Educa\u00e7\u00e3o (MEC), n\u00e3o \u00e9 necess\u00e1rio ter os mesmos pr\u00e9-requisitos de quem quer [&hellip;]<\/p>\n","protected":false},"author":1,"featured_media":0,"parent":370334,"menu_order":0,"comment_status":"closed","ping_status":"closed","template":"","meta":{"_et_pb_use_builder":"on","_et_pb_old_content":"","_et_gb_content_width":"","ngg_post_thumbnail":0,"_joinchat":[],"footnotes":"","_links_to":"","_links_to_target":""},"class_list":["post-370340","page","type-page","status-publish","hentry"],"_links":{"self":[{"href":"https:\/\/www.efan.com.br\/universidade\/wp-json\/wp\/v2\/pages\/370340","targetHints":{"allow":["GET"]}}],"collection":[{"href":"https:\/\/www.efan.com.br\/universidade\/wp-json\/wp\/v2\/pages"}],"about":[{"href":"https:\/\/www.efan.com.br\/universidade\/wp-json\/wp\/v2\/types\/page"}],"author":[{"embeddable":true,"href":"https:\/\/www.efan.com.br\/universidade\/wp-json\/wp\/v2\/users\/1"}],"replies":[{"embeddable":true,"href":"https:\/\/www.efan.com.br\/universidade\/wp-json\/wp\/v2\/comments?post=370340"}],"version-history":[{"count":5,"href":"https:\/\/www.efan.com.br\/universidade\/wp-json\/wp\/v2\/pages\/370340\/revisions"}],"predecessor-version":[{"id":987591464,"href":"https:\/\/www.efan.com.br\/universidade\/wp-json\/wp\/v2\/pages\/370340\/revisions\/987591464"}],"up":[{"embeddable":true,"href":"https:\/\/www.efan.com.br\/universidade\/wp-json\/wp\/v2\/pages\/370334"}],"wp:attachment":[{"href":"https:\/\/www.efan.com.br\/universidade\/wp-json\/wp\/v2\/media?parent=370340"}],"curies":[{"name":"wp","href":"https:\/\/api.w.org\/{rel}","templated":true}]}}