{"id":370332,"date":"2024-02-29T10:01:34","date_gmt":"2024-02-29T13:01:34","guid":{"rendered":"https:\/\/www.efan.com.br\/universidade\/?page_id=370332"},"modified":"2026-03-28T12:03:24","modified_gmt":"2026-03-28T15:03:24","slug":"revistas-e-periodicos","status":"publish","type":"page","link":"https:\/\/www.efan.com.br\/universidade\/biblioteca\/revistas-e-periodicos\/","title":{"rendered":"Revistas e Peri\u00f3dicos"},"content":{"rendered":"<p>[et_pb_section fb_built=&#8221;1&#8243; _builder_version=&#8221;4.27.6&#8243; _module_preset=&#8221;default&#8221; background_color=&#8221;gcid-15a64b5a-5c56-46f3-99c0-666a66a3e92c&#8221; custom_padding=&#8221;||14px|||&#8221; global_colors_info=&#8221;{%22gcid-15a64b5a-5c56-46f3-99c0-666a66a3e92c%22:%91%22background_color%22%93}&#8221;][et_pb_row _builder_version=&#8221;4.27.6&#8243; _module_preset=&#8221;default&#8221; custom_margin=&#8221;-47px|auto||auto||&#8221; global_colors_info=&#8221;{}&#8221;][et_pb_column type=&#8221;4_4&#8243; _builder_version=&#8221;4.27.6&#8243; _module_preset=&#8221;default&#8221; global_colors_info=&#8221;{}&#8221;][et_pb_text admin_label=&#8221;T\u00cdTULO DA P\u00c1GINA&#8221; _builder_version=&#8221;4.27.6&#8243; _module_preset=&#8221;default&#8221; header_font_size_tablet=&#8221;&#8221; header_font_size_phone=&#8221;30px&#8221; header_font_size_last_edited=&#8221;on|phone&#8221; global_colors_info=&#8221;{}&#8221;]<\/p>\n<h1 class=\"et_pb_module_header\" style=\"text-align: center;\"><span>Revistas e Peri\u00f3dicos &#8211; <\/span>GoRead<\/h1>\n<p>[\/et_pb_text][\/et_pb_column][\/et_pb_row][\/et_pb_section][et_pb_section fb_built=&#8221;1&#8243; _builder_version=&#8221;4.27.6&#8243; _module_preset=&#8221;default&#8221; background_color=&#8221;RGBA(255,255,255,0)&#8221; background_enable_image=&#8221;off&#8221; background_pattern_repeat_origin=&#8221;center&#8221; custom_padding=&#8221;37px|||||&#8221; global_colors_info=&#8221;{}&#8221;][et_pb_row column_structure=&#8221;2_5,3_5&#8243; use_custom_gutter=&#8221;on&#8221; gutter_width=&#8221;2&#8243; make_equal=&#8221;on&#8221; _builder_version=&#8221;4.27.6&#8243; _module_preset=&#8221;default&#8221; width=&#8221;90%&#8221; max_width=&#8221;1280px&#8221; module_alignment=&#8221;center&#8221; global_colors_info=&#8221;{}&#8221;][et_pb_column type=&#8221;2_5&#8243; _builder_version=&#8221;4.24.2&#8243; _module_preset=&#8221;default&#8221; global_colors_info=&#8221;{}&#8221;][et_pb_image src=&#8221;https:\/\/www.efan.com.br\/universidade\/wp-content\/uploads\/2024\/05\/biblioteca_revistas.jpg&#8221; title_text=&#8221;biblioteca_revistas&#8221; url_new_window=&#8221;on&#8221; _builder_version=&#8221;4.27.6&#8243; _module_preset=&#8221;default&#8221; hover_enabled=&#8221;0&#8243; global_colors_info=&#8221;{}&#8221; border_radii=&#8221;off|33px||33px|&#8221; sticky_enabled=&#8221;0&#8243;][\/et_pb_image][et_pb_image src=&#8221;https:\/\/www.efan.com.br\/universidade\/wp-content\/uploads\/2023\/01\/GOREAD.jpg&#8221; title_text=&#8221;GOREAD&#8221; url=&#8221;https:\/\/goread.com.br\/login\/&#8221; url_new_window=&#8221;on&#8221; use_overlay=&#8221;on&#8221; overlay_icon_color=&#8221;#F0F5F0&#8243; hover_overlay_color=&#8221;rgba(183,121,0,0.67)&#8221; hover_icon=&#8221;&#x54;||divi||400&#8243; _builder_version=&#8221;4.27.6&#8243; _module_preset=&#8221;default&#8221; transform_scale=&#8221;60%|60%&#8221; custom_margin=&#8221;||-8px|||&#8221; border_radii=&#8221;on|44px|44px|44px|44px&#8221; border_width_all=&#8221;7px&#8221; border_color_all=&#8221;gcid-b4e5221b-725e-41b2-9f22-9b0a184c0015&#8243; box_shadow_style=&#8221;preset3&#8243; box_shadow_color=&#8221;rgba(0,0,0,0.6)&#8221; global_colors_info=&#8221;{%22gcid-b4e5221b-725e-41b2-9f22-9b0a184c0015%22:%91%22border_color_all%22%93}&#8221;][\/et_pb_image][et_pb_text _builder_version=&#8221;4.27.6&#8243; _module_preset=&#8221;default&#8221; text_orientation=&#8221;center&#8221; global_colors_info=&#8221;{}&#8221;]<\/p>\n<h4><\/h4>\n<p><strong>Clique na imagem para acessar<\/strong><\/p>\n<p>[\/et_pb_text][\/et_pb_column][et_pb_column type=&#8221;3_5&#8243; _builder_version=&#8221;4.24.2&#8243; _module_preset=&#8221;default&#8221; global_colors_info=&#8221;{}&#8221;][et_pb_text _builder_version=&#8221;4.27.6&#8243; _module_preset=&#8221;default&#8221; text_text_color=&#8221;#000000&#8243; header_4_text_color=&#8221;#FCAC00&#8243; global_colors_info=&#8221;{}&#8221;]<\/p>\n<p><strong>Como instalo o aplicativo?<\/strong><br \/>Tablets e Smartphones Android Clique aqui e, ao ser redirecionado ao Google Play, toque em instalar, depois em aceitar e, em seguida, em abrir. iPad e iPhone Clique aqui e, ao ser redirecionado ao App Store, toque em gr\u00e1tis e em instalar app para baixar o aplicativo. Quando for solicitado, preencha o campo com seu ID Apple e toque em abrir.<\/p>\n<p><strong>Quantas vezes posso acessar minhas publica\u00e7\u00f5es no GoRead?<\/strong><br \/>Voc\u00ea pode acessar suas publica\u00e7\u00f5es quantas vezes quiser em at\u00e9 quatro dispositivos.<br \/>Preciso estar conectado?<br \/>Para navegar pelo site, realizar o cadastro, adquirir assinatura, alterar senha ou fazer o download de publica\u00e7\u00f5es, voc\u00ea precisa estar conectado. No entanto, para ler publica\u00e7\u00f5es j\u00e1 baixadas no dispositivo voc\u00ea n\u00e3o precisa de conex\u00e3o.<\/p>\n<p><strong>Como desativar o dispositivo?<\/strong><br \/>Ao clicar no bot\u00e3o Sair, voc\u00ea far\u00e1 logout no aplicativo, liberando-o para outro usu\u00e1rio. Se desativar o dispositivo, suas revistas ser\u00e3o exclu\u00eddas, mas voc\u00ea poder\u00e1 baix\u00e1-las novamente assim que acessar o aplicativo e fizer login.<br \/>Como excluo as revistas do meu aplicativo?<br \/>Clique no canto inferior direito da publica\u00e7\u00e3o e selecione a op\u00e7\u00e3o excluir download. Confirme a opera\u00e7\u00e3o e pronto. Observa\u00e7\u00e3o: ap\u00f3s excluir as edi\u00e7\u00f5es, elas continuar\u00e3o dispon\u00edveis para download em seu aplicativo. Caso queira acess\u00e1-las novamente, \u00e9 s\u00f3 refazer o download no pr\u00f3prio aplicativo.<\/p>\n<p><strong>Quanto tempo demora o download da revista?<\/strong><br \/>O tempo para fazer o download de uma revista digital varia de acordo com a sua conex\u00e3o e o tamanho do arquivo. Observa\u00e7\u00e3o: \u00e9 poss\u00edvel fazer o download dos conte\u00fados com conex\u00e3o 3G. No caso das revistas digitais, devido ao tamanho dos arquivos, o tempo de download pode ser alto assim como os custos, dependendo do plano contratado com sua operadora de telefonia.<strong><\/strong><\/p>\n<p>[\/et_pb_text][\/et_pb_column][\/et_pb_row][\/et_pb_section]<\/p>\n","protected":false},"excerpt":{"rendered":"<p>Revistas e Peri\u00f3dicos &#8211; GoRead Clique na imagem para acessarComo instalo o aplicativo?Tablets e Smartphones Android Clique aqui e, ao ser redirecionado ao Google Play, toque em instalar, depois em aceitar e, em seguida, em abrir. iPad e iPhone Clique aqui e, ao ser redirecionado ao App Store, toque em gr\u00e1tis e em instalar app [&hellip;]<\/p>\n","protected":false},"author":1,"featured_media":0,"parent":370318,"menu_order":0,"comment_status":"closed","ping_status":"closed","template":"","meta":{"_et_pb_use_builder":"on","_et_pb_old_content":"","_et_gb_content_width":"","ngg_post_thumbnail":0,"_joinchat":[],"footnotes":"","_links_to":"","_links_to_target":""},"class_list":["post-370332","page","type-page","status-publish","hentry"],"_links":{"self":[{"href":"https:\/\/www.efan.com.br\/universidade\/wp-json\/wp\/v2\/pages\/370332","targetHints":{"allow":["GET"]}}],"collection":[{"href":"https:\/\/www.efan.com.br\/universidade\/wp-json\/wp\/v2\/pages"}],"about":[{"href":"https:\/\/www.efan.com.br\/universidade\/wp-json\/wp\/v2\/types\/page"}],"author":[{"embeddable":true,"href":"https:\/\/www.efan.com.br\/universidade\/wp-json\/wp\/v2\/users\/1"}],"replies":[{"embeddable":true,"href":"https:\/\/www.efan.com.br\/universidade\/wp-json\/wp\/v2\/comments?post=370332"}],"version-history":[{"count":2,"href":"https:\/\/www.efan.com.br\/universidade\/wp-json\/wp\/v2\/pages\/370332\/revisions"}],"predecessor-version":[{"id":987591788,"href":"https:\/\/www.efan.com.br\/universidade\/wp-json\/wp\/v2\/pages\/370332\/revisions\/987591788"}],"up":[{"embeddable":true,"href":"https:\/\/www.efan.com.br\/universidade\/wp-json\/wp\/v2\/pages\/370318"}],"wp:attachment":[{"href":"https:\/\/www.efan.com.br\/universidade\/wp-json\/wp\/v2\/media?parent=370332"}],"curies":[{"name":"wp","href":"https:\/\/api.w.org\/{rel}","templated":true}]}}