{"id":370268,"date":"2024-02-29T08:48:34","date_gmt":"2024-02-29T11:48:34","guid":{"rendered":"https:\/\/www.efan.com.br\/universidade\/?page_id=370268"},"modified":"2026-03-24T09:15:24","modified_gmt":"2026-03-24T12:15:24","slug":"convenios-e-parcerias","status":"publish","type":"page","link":"https:\/\/www.efan.com.br\/universidade\/a-faculdade\/beneficios-e-descontos\/convenios-e-parcerias\/","title":{"rendered":"Conv\u00eanios e Parcerias"},"content":{"rendered":"<p>[et_pb_section fb_built=&#8221;1&#8243; _builder_version=&#8221;4.27.6&#8243; _module_preset=&#8221;default&#8221; background_color=&#8221;gcid-15a64b5a-5c56-46f3-99c0-666a66a3e92c&#8221; custom_padding=&#8221;||14px|||&#8221; global_colors_info=&#8221;{%22gcid-15a64b5a-5c56-46f3-99c0-666a66a3e92c%22:%91%22background_color%22%93}&#8221; theme_builder_area=&#8221;post_content&#8221;][et_pb_row _builder_version=&#8221;4.27.6&#8243; _module_preset=&#8221;default&#8221; custom_margin=&#8221;-47px|auto||auto||&#8221; global_colors_info=&#8221;{}&#8221; theme_builder_area=&#8221;post_content&#8221;][et_pb_column type=&#8221;4_4&#8243; _builder_version=&#8221;4.27.6&#8243; _module_preset=&#8221;default&#8221; global_colors_info=&#8221;{}&#8221; theme_builder_area=&#8221;post_content&#8221;][et_pb_text admin_label=&#8221;T\u00cdTULO DA P\u00c1GINA&#8221; _builder_version=&#8221;4.27.6&#8243; _module_preset=&#8221;default&#8221; hover_enabled=&#8221;0&#8243; global_colors_info=&#8221;{}&#8221; theme_builder_area=&#8221;post_content&#8221; sticky_enabled=&#8221;0&#8243;]<\/p>\n<h1 class=\"et_pb_module_header\" style=\"text-align: center;\">Conv\u00eanios e Parcerias<\/h1>\n<p>[\/et_pb_text][\/et_pb_column][\/et_pb_row][\/et_pb_section][et_pb_section fb_built=&#8221;1&#8243; _builder_version=&#8221;4.27.6&#8243; _module_preset=&#8221;default&#8221; custom_padding=&#8221;5px|||||&#8221; hover_enabled=&#8221;0&#8243; global_colors_info=&#8221;{}&#8221; background_enable_color=&#8221;off&#8221; sticky_enabled=&#8221;0&#8243;][et_pb_row _builder_version=&#8221;4.24.3&#8243; _module_preset=&#8221;default&#8221; width=&#8221;94%&#8221; global_colors_info=&#8221;{}&#8221;][et_pb_column type=&#8221;4_4&#8243; _builder_version=&#8221;4.24.2&#8243; _module_preset=&#8221;default&#8221; global_colors_info=&#8221;{}&#8221;][et_pb_text _builder_version=&#8221;4.27.6&#8243; _module_preset=&#8221;default&#8221; text_text_color=&#8221;#000000&#8243; header_4_text_color=&#8221;gcid-b4e5221b-725e-41b2-9f22-9b0a184c0015&#8243; hover_enabled=&#8221;0&#8243; global_colors_info=&#8221;{%22gcid-b4e5221b-725e-41b2-9f22-9b0a184c0015%22:%91%22header_4_text_color%22%93}&#8221; sticky_enabled=&#8221;0&#8243;]<\/p>\n<h4><span><strong>Empresas conveniadas<\/strong><\/span><\/h4>\n<p><span><\/span><\/p>\n<p>A EFAN tem fortalecido seu relacionamento com o mercado de trabalho em todos os seus segmentos. Dessa forma, todos saem ganhando: Empresas, Funcion\u00e1rios e Sociedade.<\/p>\n<p>Os conv\u00eanios s\u00e3o formas efetivas de melhorar a m\u00e3o de obra dispon\u00edvel no mercado de trabalho e facilitar o acesso de funcion\u00e1rios ao Ensino Superior.<\/p>\n<p>Assim, a EFAN concede descontos nas mensalidades para os BENEFICI\u00c1RIOS DIRETOS das institui\u00e7\u00f5es conveniadas e \u00e9 extensivo aos BENEFICI\u00c1RIOS INDIRETOS, como c\u00f4njuges, filhos e enteados.<\/p>\n<p><span><strong>Conhe\u00e7a as empresas conveniadas com a Faculdade EFAN :<\/strong><\/span><\/p>\n<p><span><strong><\/strong><\/span><\/p>\n<p><span><strong><\/strong><\/span><\/p>\n<p><span><strong><\/strong><\/span><\/p>\n<p><span><strong><\/strong><\/span><\/p>\n<p>[\/et_pb_text][\/et_pb_column][\/et_pb_row][\/et_pb_section]<\/p>\n","protected":false},"excerpt":{"rendered":"<p>Conv\u00eanios e ParceriasEmpresas conveniadas A EFAN tem fortalecido seu relacionamento com o mercado de trabalho em todos os seus segmentos. Dessa forma, todos saem ganhando: Empresas, Funcion\u00e1rios e Sociedade. Os conv\u00eanios s\u00e3o formas efetivas de melhorar a m\u00e3o de obra dispon\u00edvel no mercado de trabalho e facilitar o acesso de funcion\u00e1rios ao Ensino Superior. Assim, [&hellip;]<\/p>\n","protected":false},"author":1,"featured_media":0,"parent":370264,"menu_order":0,"comment_status":"closed","ping_status":"closed","template":"","meta":{"_et_pb_use_builder":"on","_et_pb_old_content":"","_et_gb_content_width":"","ngg_post_thumbnail":0,"_joinchat":[],"footnotes":"","_links_to":"","_links_to_target":""},"class_list":["post-370268","page","type-page","status-publish","hentry"],"_links":{"self":[{"href":"https:\/\/www.efan.com.br\/universidade\/wp-json\/wp\/v2\/pages\/370268","targetHints":{"allow":["GET"]}}],"collection":[{"href":"https:\/\/www.efan.com.br\/universidade\/wp-json\/wp\/v2\/pages"}],"about":[{"href":"https:\/\/www.efan.com.br\/universidade\/wp-json\/wp\/v2\/types\/page"}],"author":[{"embeddable":true,"href":"https:\/\/www.efan.com.br\/universidade\/wp-json\/wp\/v2\/users\/1"}],"replies":[{"embeddable":true,"href":"https:\/\/www.efan.com.br\/universidade\/wp-json\/wp\/v2\/comments?post=370268"}],"version-history":[{"count":2,"href":"https:\/\/www.efan.com.br\/universidade\/wp-json\/wp\/v2\/pages\/370268\/revisions"}],"predecessor-version":[{"id":987591348,"href":"https:\/\/www.efan.com.br\/universidade\/wp-json\/wp\/v2\/pages\/370268\/revisions\/987591348"}],"up":[{"embeddable":true,"href":"https:\/\/www.efan.com.br\/universidade\/wp-json\/wp\/v2\/pages\/370264"}],"wp:attachment":[{"href":"https:\/\/www.efan.com.br\/universidade\/wp-json\/wp\/v2\/media?parent=370268"}],"curies":[{"name":"wp","href":"https:\/\/api.w.org\/{rel}","templated":true}]}}

Convênios e Parcerias

<p>[et_pb_section fb_built=&#8221;1&#8243; _builder_version=&#8221;4.27.6&#8243; _module_preset=&#8221;default&#8221; background_color=&#8221;gcid-15a64b5a-5c56-46f3-99c0-666a66a3e92c&#8221; custom_padding=&#8221;||14px|||&#8221; global_colors_info=&#8221;{%22gcid-15a64b5a-5c56-46f3-99c0-666a66a3e92c%22:%91%22background_color%22%93}&#8221; theme_builder_area=&#8221;post_content&#8221;][et_pb_row _builder_version=&#8221;4.27.6&#8243; _module_preset=&#8221;default&#8221; custom_margin=&#8221;-47px|auto||auto||&#8221; global_colors_info=&#8221;{}&#8221; theme_builder_area=&#8221;post_content&#8221;][et_pb_column type=&#8221;4_4&#8243; _builder_version=&#8221;4.27.6&#8243; _module_preset=&#8221;default&#8221; global_colors_info=&#8221;{}&#8221; theme_builder_area=&#8221;post_content&#8221;][et_pb_text admin_label=&#8221;TÍTULO DA PÁGINA&#8221; _builder_version=&#8221;4.27.6&#8243; _module_preset=&#8221;default&#8221; hover_enabled=&#8221;0&#8243; global_colors_info=&#8221;{}&#8221; theme_builder_area=&#8221;post_content&#8221; sticky_enabled=&#8221;0&#8243;]</p>
<h1 class="et_pb_module_header" style="text-align: center;">Convênios e Parcerias</h1>
<p>[/et_pb_text][/et_pb_column][/et_pb_row][/et_pb_section][et_pb_section fb_built=&#8221;1&#8243; _builder_version=&#8221;4.27.6&#8243; _module_preset=&#8221;default&#8221; custom_padding=&#8221;5px|||||&#8221; hover_enabled=&#8221;0&#8243; global_colors_info=&#8221;{}&#8221; background_enable_color=&#8221;off&#8221; sticky_enabled=&#8221;0&#8243;][et_pb_row _builder_version=&#8221;4.24.3&#8243; _module_preset=&#8221;default&#8221; width=&#8221;94%&#8221; global_colors_info=&#8221;{}&#8221;][et_pb_column type=&#8221;4_4&#8243; _builder_version=&#8221;4.24.2&#8243; _module_preset=&#8221;default&#8221; global_colors_info=&#8221;{}&#8221;][et_pb_text _builder_version=&#8221;4.27.6&#8243; _module_preset=&#8221;default&#8221; text_text_color=&#8221;#000000&#8243; header_4_text_color=&#8221;gcid-b4e5221b-725e-41b2-9f22-9b0a184c0015&#8243; hover_enabled=&#8221;0&#8243; global_colors_info=&#8221;{%22gcid-b4e5221b-725e-41b2-9f22-9b0a184c0015%22:%91%22header_4_text_color%22%93}&#8221; sticky_enabled=&#8221;0&#8243;]</p>
<h4><span><strong>Empresas conveniadas</strong></span></h4>
<p><span></span></p>
<p>A EFAN tem fortalecido seu relacionamento com o mercado de trabalho em todos os seus segmentos. Dessa forma, todos saem ganhando: Empresas, Funcionários e Sociedade.</p>
<p>Os convênios são formas efetivas de melhorar a mão de obra disponível no mercado de trabalho e facilitar o acesso de funcionários ao Ensino Superior.</p>
<p>Assim, a EFAN concede descontos nas mensalidades para os BENEFICIÁRIOS DIRETOS das instituições conveniadas e é extensivo aos BENEFICIÁRIOS INDIRETOS, como cônjuges, filhos e enteados.</p>
<p><span><strong>Conheça as empresas conveniadas com a Faculdade EFAN :</strong></span></p>
<p><span><strong></strong></span></p>
<p><span><strong></strong></span></p>
<p><span><strong></strong></span></p>
<p><span><strong></strong></span></p>
<p>[/et_pb_text][/et_pb_column][/et_pb_row][/et_pb_section]</p>

<p>Convênios e ParceriasEmpresas conveniadas A EFAN tem fortalecido seu relacionamento com o mercado de trabalho em todos os seus segmentos. Dessa forma, todos saem ganhando: Empresas, Funcionários e Sociedade. Os convênios são formas efetivas de melhorar a mão de obra disponível no mercado de trabalho e facilitar o acesso de funcionários ao Ensino Superior. Assim, [&hellip;]</p>
