{"id":370258,"date":"2024-02-29T08:47:24","date_gmt":"2024-02-29T11:47:24","guid":{"rendered":"https:\/\/www.efan.com.br\/universidade\/?page_id=370258"},"modified":"2026-03-24T16:24:26","modified_gmt":"2026-03-24T19:24:26","slug":"missao-visao-e-valores","status":"publish","type":"page","link":"https:\/\/www.efan.com.br\/universidade\/a-faculdade\/sobre\/missao-visao-e-valores\/","title":{"rendered":"Miss\u00e3o, Vis\u00e3o e valores"},"content":{"rendered":"<p>[et_pb_section fb_built=&#8221;1&#8243; _builder_version=&#8221;4.27.6&#8243; _module_preset=&#8221;default&#8221; background_color=&#8221;gcid-15a64b5a-5c56-46f3-99c0-666a66a3e92c&#8221; custom_padding=&#8221;||14px|||&#8221; global_colors_info=&#8221;{%22gcid-15a64b5a-5c56-46f3-99c0-666a66a3e92c%22:%91%22background_color%22%93}&#8221;][et_pb_row _builder_version=&#8221;4.27.6&#8243; _module_preset=&#8221;default&#8221; custom_margin=&#8221;-47px|auto||auto||&#8221; global_colors_info=&#8221;{}&#8221;][et_pb_column type=&#8221;4_4&#8243; _builder_version=&#8221;4.27.6&#8243; _module_preset=&#8221;default&#8221; global_colors_info=&#8221;{}&#8221;][et_pb_text admin_label=&#8221;T\u00cdTULO DA P\u00c1GINA&#8221; _builder_version=&#8221;4.27.6&#8243; _module_preset=&#8221;default&#8221; hover_enabled=&#8221;0&#8243; global_colors_info=&#8221;{}&#8221; header_font_size_last_edited=&#8221;on|phone&#8221; sticky_enabled=&#8221;0&#8243; header_font_size_phone=&#8221;30px&#8221;]<\/p>\n<h1 class=\"et_pb_module_header\" style=\"text-align: center;\">Miss\u00e3o, vis\u00e3o e valores<\/h1>\n<p>[\/et_pb_text][\/et_pb_column][\/et_pb_row][\/et_pb_section][et_pb_section fb_built=&#8221;1&#8243; _builder_version=&#8221;4.27.6&#8243; _module_preset=&#8221;default&#8221; background_image=&#8221;https:\/\/www.efan.com.br\/universidade\/wp-content\/uploads\/2026\/03\/bg-missao.jpg&#8221; background_position=&#8221;top_center&#8221; width=&#8221;90%&#8221; max_width=&#8221;1280px&#8221; module_alignment=&#8221;center&#8221; custom_margin=&#8221;50px||150px||false|false&#8221; custom_padding=&#8221;||0px|||&#8221; hover_enabled=&#8221;0&#8243; global_colors_info=&#8221;{}&#8221; custom_margin_last_edited=&#8221;on|phone&#8221; custom_margin_phone=&#8221;||30px||false|false&#8221; sticky_enabled=&#8221;0&#8243; custom_margin_tablet=&#8221;50px||150px||false|false&#8221;][et_pb_row column_structure=&#8221;1_3,1_3,1_3&#8243; use_custom_gutter=&#8221;on&#8221; gutter_width=&#8221;1&#8243; make_equal=&#8221;on&#8221; _builder_version=&#8221;4.27.6&#8243; _module_preset=&#8221;default&#8221; vertical_offset=&#8221;220px&#8221; z_index=&#8221;999&#8243; width=&#8221;99%&#8221; max_width=&#8221;1280px&#8221; custom_padding=&#8221;50px|||||&#8221; global_colors_info=&#8221;{}&#8221;][et_pb_column type=&#8221;1_3&#8243; _builder_version=&#8221;4.27.6&#8243; _module_preset=&#8221;default&#8221; global_colors_info=&#8221;{}&#8221;][et_pb_text _builder_version=&#8221;4.27.6&#8243; _module_preset=&#8221;default&#8221; header_3_text_color=&#8221;gcid-b4e5221b-725e-41b2-9f22-9b0a184c0015&#8243; header_4_text_color=&#8221;#B77900&#8243; background_color=&#8221;#FFFFFF&#8221; width=&#8221;96%&#8221; module_alignment=&#8221;center&#8221; min_height=&#8221;280px&#8221; custom_padding=&#8221;15px|15px|15px|15px|true|true&#8221; hover_enabled=&#8221;0&#8243; border_radii=&#8221;on|15px|15px|15px|15px&#8221; box_shadow_style=&#8221;preset3&#8243; global_colors_info=&#8221;{%22gcid-b4e5221b-725e-41b2-9f22-9b0a184c0015%22:%91%22header_3_text_color%22%93}&#8221; custom_margin_last_edited=&#8221;on|phone&#8221; custom_margin_phone=&#8221;||22px||false|false&#8221; sticky_enabled=&#8221;0&#8243;]<\/p>\n<h3 style=\"text-align: center;\"><strong>Miss\u00e3o Institucional<\/strong><\/h3>\n<p>Promover, de forma integrada, a produ\u00e7\u00e3o e difus\u00e3o do conhecimento cient\u00edfico, tecnol\u00f3gico, art\u00edstico e cultural, e a forma\u00e7\u00e3o de cidad\u00e3os capacitados para o meio s\u00f3cio profissional, comprometidos com o desenvolvimento baseados nos princ\u00edpios da sustentabilidade, enfatizando a agroecologia, valores \u00e9ticos que, com compet\u00eancia t\u00e9cnica, contribua para o fortalecimento dos territ\u00f3rios brasileiros, com responsabilidade social e ambiental.<\/p>\n<p>[\/et_pb_text][\/et_pb_column][et_pb_column type=&#8221;1_3&#8243; _builder_version=&#8221;4.27.6&#8243; _module_preset=&#8221;default&#8221; global_colors_info=&#8221;{}&#8221;][et_pb_text _builder_version=&#8221;4.27.6&#8243; _module_preset=&#8221;default&#8221; header_3_text_color=&#8221;gcid-b4e5221b-725e-41b2-9f22-9b0a184c0015&#8243; header_4_text_color=&#8221;#B77900&#8243; background_color=&#8221;#FFFFFF&#8221; width=&#8221;96%&#8221; module_alignment=&#8221;center&#8221; min_height=&#8221;280px&#8221; custom_padding=&#8221;15px|15px|15px|15px|true|true&#8221; hover_enabled=&#8221;0&#8243; border_radii=&#8221;on|15px|15px|15px|15px&#8221; box_shadow_style=&#8221;preset3&#8243; global_colors_info=&#8221;{%22gcid-b4e5221b-725e-41b2-9f22-9b0a184c0015%22:%91%22header_3_text_color%22%93}&#8221; custom_margin_last_edited=&#8221;on|phone&#8221; custom_margin_phone=&#8221;||22px||false|false&#8221; sticky_enabled=&#8221;0&#8243;]<\/p>\n<h3 style=\"text-align: center;\"><strong>Vis\u00e3o<\/strong><\/h3>\n<p>A Faculdade EFAN ser\u00e1 reconhecida, a n\u00edvel nacional e internacionalmente, pela qualidade e excel\u00eancia dos seus cursos e de sua produ\u00e7\u00e3o cient\u00edfica e pelo impacto no desenvolvimento dos territ\u00f3rios da regi\u00e3o e do pa\u00eds. Formando profissionais com compet\u00eancia t\u00e9cnica e de responsabilidade social, com condi\u00e7\u00f5es de pensar, agir e transformar realidades, na busca por um desenvolvimento sustent\u00e1vel, e melhoria da qualidade de vida.<\/p>\n<p>[\/et_pb_text][\/et_pb_column][et_pb_column type=&#8221;1_3&#8243; _builder_version=&#8221;4.27.6&#8243; _module_preset=&#8221;default&#8221; global_colors_info=&#8221;{}&#8221;][et_pb_text _builder_version=&#8221;4.27.6&#8243; _module_preset=&#8221;default&#8221; header_3_text_color=&#8221;gcid-b4e5221b-725e-41b2-9f22-9b0a184c0015&#8243; header_4_text_color=&#8221;#B77900&#8243; background_color=&#8221;#FFFFFF&#8221; width=&#8221;96%&#8221; module_alignment=&#8221;center&#8221; min_height=&#8221;280px&#8221; custom_padding=&#8221;15px|15px|15px|15px|true|true&#8221; border_radii=&#8221;on|15px|15px|15px|15px&#8221; box_shadow_style=&#8221;preset3&#8243; global_colors_info=&#8221;{%22gcid-b4e5221b-725e-41b2-9f22-9b0a184c0015%22:%91%22header_3_text_color%22%93}&#8221;]<\/p>\n<h3 style=\"text-align: center;\"><strong>Valores Institucionais<\/strong><\/h3>\n<p>Trabalho com \u00e9tica, Integridade e Transpar\u00eancia;<br \/>Equidade;<br \/>Busca de excel\u00eancia<br \/>Institucional;<br \/>Responsabilidade com a sociedade e responsabilidade ambiental, busca por desenvolvimento territorial, respeito e seriedade com a forma\u00e7\u00e3o do estudante.<\/p>\n<p>[\/et_pb_text][\/et_pb_column][\/et_pb_row][et_pb_row _builder_version=&#8221;4.27.6&#8243; _module_preset=&#8221;default&#8221; global_colors_info=&#8221;{}&#8221;][et_pb_column type=&#8221;4_4&#8243; _builder_version=&#8221;4.27.6&#8243; _module_preset=&#8221;default&#8221; global_colors_info=&#8221;{}&#8221;][et_pb_text _builder_version=&#8221;4.27.6&#8243; _module_preset=&#8221;default&#8221; global_colors_info=&#8221;{}&#8221;]<\/p>\n<p>Your content goes here. Edit or remove this text inline or in the module Content settings. You can also style every aspect of this content in the module Design settings and even apply custom CSS to this text in the module Advanced settings.<\/p>\n<p>[\/et_pb_text][\/et_pb_column][\/et_pb_row][\/et_pb_section][et_pb_section fb_built=&#8221;1&#8243; module_id=&#8221;objetivos&#8221; _builder_version=&#8221;4.27.6&#8243; _module_preset=&#8221;default&#8221; custom_margin=&#8221;||||false|false&#8221; custom_padding=&#8221;3px|||||&#8221; hover_enabled=&#8221;0&#8243; global_colors_info=&#8221;{}&#8221; custom_margin_last_edited=&#8221;on|phone&#8221; custom_margin_phone=&#8221;0px||||false|false&#8221; custom_padding_last_edited=&#8221;on|phone&#8221; custom_padding_phone=&#8221;0px||||false|false&#8221; sticky_enabled=&#8221;0&#8243; custom_margin_tablet=&#8221;||||false|false&#8221; custom_padding_tablet=&#8221;3px|||||&#8221;][et_pb_row _builder_version=&#8221;4.27.6&#8243; _module_preset=&#8221;default&#8221; width=&#8221;90%&#8221; max_width=&#8221;1280px&#8221; module_alignment=&#8221;center&#8221; custom_margin=&#8221;55px|320px||auto|false|false&#8221; custom_padding=&#8221;7px||0px|||&#8221; global_colors_info=&#8221;{}&#8221;][et_pb_column type=&#8221;4_4&#8243; _builder_version=&#8221;4.27.6&#8243; _module_preset=&#8221;default&#8221; global_colors_info=&#8221;{}&#8221;][et_pb_text _builder_version=&#8221;4.27.6&#8243; _module_preset=&#8221;default&#8221; header_4_text_color=&#8221;gcid-b4e5221b-725e-41b2-9f22-9b0a184c0015&#8243; global_colors_info=&#8221;{%22gcid-b4e5221b-725e-41b2-9f22-9b0a184c0015%22:%91%22header_4_text_color%22%93}&#8221;]<\/p>\n<h4>Objetivos Institucionais<\/h4>\n<ul>\n<li>Estimular a responsabilidade socioambiental, a cria\u00e7\u00e3o e preserva\u00e7\u00e3o cultural e o desenvolvimento do esp\u00edrito cient\u00edfico e do pensamento reflexivo;<\/li>\n<li>Formar graduados nas diferentes \u00e1reas de conhecimento, aptos para a inser\u00e7\u00e3o em setores profissionais, no n\u00edvel exigido pela regi\u00e3o e pelo pa\u00eds e para a participa\u00e7\u00e3o no desenvolvimento da sociedade brasileira, capazes de inovar e empreender nos seus respectivos setores;<\/li>\n<li>Estimular o conhecimento dos problemas do mundo presente, em particular os nacionais e regionais;<br \/>Prestar servi\u00e7os especializados \u00e0 comunidade e estabelecer com esta uma rela\u00e7\u00e3o de reciprocidade;<\/li>\n<li>Promover a divulga\u00e7\u00e3o de conhecimentos culturais, cient\u00edficos e t\u00e9cnicos que constituem patrim\u00f4nio da humanidade e comunicar o saber atrav\u00e9s do ensino, de publica\u00e7\u00f5es ou de outras formas de comunica\u00e7\u00e3o;<\/li>\n<li>Suscitar o desejo permanente de aperfei\u00e7oamento cultural e profissional e possibilitar a correspondente concretiza\u00e7\u00e3o, integrando os conhecimentos que v\u00e3o sendo adquiridos numa estrutura intelectual sistematizadora do conhecimento de cada gera\u00e7\u00e3o;<\/li>\n<li>Promover permanentemente a inclus\u00e3o social e a acessibilidade de alunos, colaboradores e comunidade;<\/li>\n<li>Promover a extens\u00e3o, aberta \u00e0 participa\u00e7\u00e3o da popula\u00e7\u00e3o, visando \u00e0 difus\u00e3o das conquistas e benef\u00edcios resultantes da cria\u00e7\u00e3o cultural e da pesquisa cient\u00edfica e tecnol\u00f3gica geradas na institui\u00e7\u00e3o;<\/li>\n<li>Ampliar e diversificar as atividades de ensino na EFAN, em n\u00edveis de gradua\u00e7\u00e3o, de p\u00f3s-gradua\u00e7\u00e3o ou de extens\u00e3o;<\/li>\n<li>Estabelecer a avalia\u00e7\u00e3o institucional como ferramenta de gest\u00e3o continua na EFAN.<\/li>\n<\/ul>\n<p>&nbsp;<\/p>\n<p>&nbsp;<\/p>\n<p>[\/et_pb_text][\/et_pb_column][\/et_pb_row][\/et_pb_section]<\/p>\n","protected":false},"excerpt":{"rendered":"<p>Miss\u00e3o, vis\u00e3o e valoresMiss\u00e3o Institucional Promover, de forma integrada, a produ\u00e7\u00e3o e difus\u00e3o do conhecimento cient\u00edfico, tecnol\u00f3gico, art\u00edstico e cultural, e a forma\u00e7\u00e3o de cidad\u00e3os capacitados para o meio s\u00f3cio profissional, comprometidos com o desenvolvimento baseados nos princ\u00edpios da sustentabilidade, enfatizando a agroecologia, valores \u00e9ticos que, com compet\u00eancia t\u00e9cnica, contribua para o fortalecimento dos territ\u00f3rios [&hellip;]<\/p>\n","protected":false},"author":1,"featured_media":0,"parent":370248,"menu_order":0,"comment_status":"closed","ping_status":"closed","template":"","meta":{"_et_pb_use_builder":"on","_et_pb_old_content":"","_et_gb_content_width":"","ngg_post_thumbnail":0,"_joinchat":[],"footnotes":"","_links_to":"","_links_to_target":""},"class_list":["post-370258","page","type-page","status-publish","hentry"],"_links":{"self":[{"href":"https:\/\/www.efan.com.br\/universidade\/wp-json\/wp\/v2\/pages\/370258","targetHints":{"allow":["GET"]}}],"collection":[{"href":"https:\/\/www.efan.com.br\/universidade\/wp-json\/wp\/v2\/pages"}],"about":[{"href":"https:\/\/www.efan.com.br\/universidade\/wp-json\/wp\/v2\/types\/page"}],"author":[{"embeddable":true,"href":"https:\/\/www.efan.com.br\/universidade\/wp-json\/wp\/v2\/users\/1"}],"replies":[{"embeddable":true,"href":"https:\/\/www.efan.com.br\/universidade\/wp-json\/wp\/v2\/comments?post=370258"}],"version-history":[{"count":4,"href":"https:\/\/www.efan.com.br\/universidade\/wp-json\/wp\/v2\/pages\/370258\/revisions"}],"predecessor-version":[{"id":987591442,"href":"https:\/\/www.efan.com.br\/universidade\/wp-json\/wp\/v2\/pages\/370258\/revisions\/987591442"}],"up":[{"embeddable":true,"href":"https:\/\/www.efan.com.br\/universidade\/wp-json\/wp\/v2\/pages\/370248"}],"wp:attachment":[{"href":"https:\/\/www.efan.com.br\/universidade\/wp-json\/wp\/v2\/media?parent=370258"}],"curies":[{"name":"wp","href":"https:\/\/api.w.org\/{rel}","templated":true}]}}